*3 + 6*p**2 - 6*p - 4. Determine v(5).
-9
Let p(r) = r**3 - 12*r**2 + 4*r - 7. Determine p(12).
41
Let o(t) = -2*t**2 - 23*t + 17. What is o(-12)?
5
Let m(b) = -16*b + 211. Give m(13).
3
Let q(p) = 6*p + 83. Calculate q(-13).
5
Let s(d) = d**2 - 39*d - 20. Determine s(39).
-20
Let j(c) = 3*c**2 - c - 3. What is j(-3)?
27
Let u(s) = 13*s - 7. What is u(2)?
19
Let y(o) = 4*o**2 + 21*o + 4. What is y(-4)?
-16
Let g(u) = u**3 + 13*u**2 + 17*u - 44. Calculate g(-11).
11
Let n(t) = 4*t + 16. Determine n(-5).
-4
Let b(p) = -p**2 + p + 12. Calculate b(5).
-8
Let r(n) = -4*n**3 + 4*n**2 + 2*n - 2. Determine r(-2).
42
Let m(a) = -3*a + 6. Determine m(6).
-12
Let r(p) = p**3 + 18*p**2 - 39*p + 18. Give r(-20).
-2
Let l(y) = y**2 + y - 33. What is l(10)?
77
Let h(f) = -f**2 - 11*f + 624. What is h(-31)?
4
Let n(c) = -c**2 - 6. Determine n(-7).
-55
Let y(g) = g - 9. Determine y(12).
3
Let j(d) = -d**2 + 17*d + 32. Determine j(13).
84
Let b(j) = j**2 - 33*j + 40. What is b(32)?
8
Let t(y) = -y**2 - 4*y - 5. Determine t(-3).
-2
Let f(g) = 2*g**3 + 42*g**2 - 43*g + 38. Give f(-22).
16
Let l(u) = -3*u**3 - u + 2. What is l(1)?
-2
Let z(y) = -y**3 - 12*y**2 - 13*y - 23. Determine z(-10).
-93
Let i(r) = -r**3 + 13*r**2 + 2. What is i(13)?
2
Let j(y) = -y**3 - 52*y**2 - 276*y + 54. Determine j(-46).
54
Let v(g) = -5*g**3 + 11*g**2 + 6*g - 7. Determine v(4).
-127
Let d(j) = j**3 + 7*j**2 - 3*j - 17. Give d(-7).
4
Let l(r) = -4*r - 4. Calculate l(-3).
8
Let u(w) = w**2 - 5*w - 11. What is u(8)?
13
Let o(v) = -v + 37. Determine o(0).
37
Let o(n) = 3*n - 1. What is o(2)?
5
Let r(z) = z**2 - 23*z + 95. Give r(18).
5
Let x(b) = -b**3 + 9*b**2 - 25*b + 87. What is x(7)?
10
Let y(u) = u**3 - 7*u**2 + 2*u + 8. Give y(7).
22
Let t(l) = -5*l - 84. What is t(-19)?
11
Let u(q) = q**2 + 2*q - 8. Determine u(-6).
16
Let u(i) = i**3 + 9*i**2 - 2*i - 16. Calculate u(-9).
2
Let m(v) = v**2 + 14*v + 9. Calculate m(-9).
-36
Let z(u) = -u**3 - 9*u**2 + 7. Determine z(-9).
7
Let f(z) = 2*z + 89. What is f(-51)?
-13
Let i(t) = -2*t**2 + 10*t + 33. Determine i(6).
21
Let h(t) = t**3 + 13*t**2 - 16*t - 10. Determine h(-14).
18
Let l(j) = -j + 5. Give l(5).
0
Let s(j) = -6*j - 19. What is s(-9)?
35
Let s(r) = r**3 + 10*r**2 + 3*r. Determine s(-10).
-30
Let c(g) = -g**3 + 9*g**2 - 14*g - 1. Give c(7).
-1
Let g(q) = 25*q + 67. Calculate g(-3).
-8
Let x(v) = v**2 - 15*v - 5. Give x(16).
11
Let y(m) = -2*m**2 + 127*m + 201. Give y(65).
6
Let y(x) = -12*x**2. Give y(-1).
-12
Let t(z) = 3*z**2 + 5*z. Give t(-4).
28
Let d(x) = -7*x - 111. What is d(-15)?
-6
Let a(i) = 21*i + 2. Determine a(1).
23
Let g(w) = -w**3 + 6*w**2 + w + 10. Calculate g(5).
40
Let a(w) = w**2 - 10*w - 8. Calculate a(8).
-24
Let v(d) = 3*d + 25. Determine v(-8).
1
Let k(u) = -u**2 - 8*u - 4. Give k(-10).
-24
Let s(g) = g**2 - 25*g + 115. Give s(4).
31
Let j(y) = -y**3 - 6*y**2 + 8*y - 16. What is j(-6)?
-64
Let g(k) = k**3 + 11*k**2 - 48*k - 89. Give g(-14).
-5
Let o(s) = s**2 + 1. Calculate o(0).
1
Let k(x) = 12*x - 2. Determine k(1).
10
Let z(g) = g**3 + g**2 - 14*g - 14. Calculate z(-1).
0
Let a(t) = t**2 - 9*t + 4. Determine a(9).
4
Let x(p) = -p + 2. Determine x(-8).
10
Let o(n) = n**2 + 21*n + 31. Give o(-15).
-59
Let o(t) = -t**3 + 2*t**2 + 16*t - 7. What is o(5)?
-2
Let l(s) = -2*s + 1. Calculate l(1).
-1
Let v(x) = -2*x - 33. What is v(-13)?
-7
Let n(i) = -i**3 - 4*i**2 - 5*i - 14. Calculate n(-3).
-8
Let x(h) = h**2 - 6*h - 3. What is x(7)?
4
Let h(f) = -6*f + 6. Give h(1).
0
Let q(t) = -t**3 - 28*t**2 + 62*t + 59. What is q(-30)?
-1
Let c(s) = 6*s**2 + 6*s + 2. Calculate c(-4).
74
Let l(q) = 15*q**3 + q**2 - 3*q + 1. Determine l(1).
14
Let a(h) = h**2 + 15*h + 23. Determine a(-13).
-3
Let g(f) = 22*f**2 - 100*f + 100. Calculate g(1).
22
Let b(o) = -2*o**2 + 3*o + 52. Calculate b(6).
-2
Let b(n) = n**2 - 4*n. Determine b(6).
12
Let p(t) = t**3 + 16*t**2 + 37*t - 1. Determine p(-2).
-19
Let l(k) = -85*k + 3. Calculate l(1).
-82
Let f(r) = -4*r - 43. Calculate f(-11).
1
Let d(c) = -c**3 + 11*c + 9. What is d(4)?
-11
Let v(i) = -i**3 - 16*i**2 + 2*i + 35. Determine v(-16).
3
Let b(d) = -d - 1. Give b(-5).
4
Let q(c) = -2*c**2 + c + 11. Calculate q(-3).
-10
Let w(i) = -i**3 - 2*i**2 + 9*i + 4. What is w(-4)?
0
Let m(h) = 2*h**2 - 10*h + 11. Determine m(4).
3
Let p(o) = -o**2 - 17*o + 9. What is p(-16)?
25
Let x(a) = -14*a - 39. Determine x(-8).
73
Let d(m) = -m**2 + m + 9. What is d(-3)?
-3
Let w(m) = -6*m - 40. Calculate w(-4).
-16
Let w(n) = 2*n**2 - 9*n - 19. Determine w(8).
37
Let y(n) = -10*n**3 - 3*n**2 - 10*n - 4. Calculate y(-2).
84
Let n(u) = -u + 6. Determine n(4).
2
Let l(v) = -94*v + 4. What is l(-1)?
98
Let w(l) = l**2 + 11*l - 4. What is w(-10)?
-14
Let y(v) = 2*v**2 - 11*v - 92. Determine y(-5).
13
Let j(y) = y**3 - 13*y**2 + y - 17. What is j(13)?
-4
Let s(q) = -2*q**3 - 6*q**2 + 2*q + 11. Give s(-3).
5
Let t(g) = -21*g - 689. Determine t(-33).
4
Let i(a) = -a**3 - 2*a**2 - 3*a - 3. Determine i(-2).
3
Let h(f) = -f**3 - 4*f**2 - 3*f - 18. Give h(-4).
-6
Let t(h) = -h**2 + 14*h + 38. Calculate t(-3).
-13
Let q(x) = -x**3 - 9*x**2 + x - 16. Calculate q(-6).
-130
Let c(x) = -x**3 + 5*x**2 - 6. Give c(5).
-6
Let x(z) = -z + 24. What is x(7)?
17
Let z(g) = -9*g**2 - 5*g. What is z(1)?
-14
Let b(l) = -3*l**2 - l + 44. Determine b(-4).
0
Let t(l) = -3*l**3 - l**2 - l + 1. Calculate t(-1).
4
Let q(w) = w**3 - 16*w**2 + 11*w + 47. What is q(15)?
-13
Let b(r) = -r**2 + 2*r + 24. Calculate b(6).
0
Let k(z) = 3*z**2 + 15*z - 38. Give k(2).
4
Let h(f) = -f**2 + 11*f - 4. Give h(4).
24
Let i(u) = 27*u**2 + 110*u + 10. Calculate i(-4).
2
Let x(t) = t**2 + 16*t + 67. Calculate x(-7).
4
Let s(j) = -j**2 + 10*j - 4. Calculate s(9).
5
Let z(x) = 22*x + 214. What is z(-9)?
16
Let q(f) = f**2 + 27*f - 50. Give q(-29).
8
Let m(y) = 16*y. What is m(-2)?
-32
Let r(k) = k**3 - 12*k**2 + 20*k - 111. Give r(11).
-12
Let k(o) = -96*o**2 - 5*o + 4. Give k(1).
-97
Let w(x) = -2*x + 3. Determine w(-3).
9
Let o(p) = -p**3 + 20*p**2 - 17*p - 34. Determine o(19).
4
Let h(s) = -2*s**3 + 20*s**2 - 19*s + 12. Give h(9).
3
Let z(c) = -10*c - 64. What is z(-15)?
86
Let l(d) = -55*d - 438. Calculate l(-8).
2
Let z(g) = -20*g - 232. What is z(-13)?
28
Let d(k) = k**3 - 6*k**2 - 5*k - 8. Give d(7).
6
Let j(c) = c**3 + 10*c**2 + 2. Determine j(-9).
83
Let h(d) = -11*d - 28. What is h(-12)?
104
Let b(c) = 8*c + 95. Determine b(-11).
7
Let h(a) = -3*a + 32. Determine h(10).
2
Let s(x) = 2*x**2 + 2*x + 1. Determine s(3).
25
Let g(o) = -o**3 - 6*o**2 + 7*o. What is g(-7)?
0
Let l(n) = -3*n**2 - 3*n + 1. What is l(-3)?
-17
Let i(t) = t**3 - 11*t**2 + 9*t - 2. Determine i(10).
-12
Let f(t) = t**2 - t - 7. Calculate f(0).
-7
Let w(g) = -25*g**2 - g + 8. Calculate w(2).
-94
Let w(k) = 6*k - 2. Determine w(-4).
-26
Let l(b) = 23*b**3 + b**2 - 2*b + 2. Give l(1).
24
Let p(m) = -m**2 + m + 4. Calculate p(-8).
-68
Let z(r) = -8*r**2 - r + 2. What is z(1)?
-7
Let t(w) = w**3 - w**2 - w. What is t(0)?
0
Let k(l) = -4*l**2 + 122*l - 66. What is k(30)?
-6
Let p(w) = -35*w. What is p(-2)?
70
Let z(p) = p**3 + 15*p**2 + 50*p - 6. Calculate z(-5).
-6
Let q(u) = -4*u - 35. What is q(-9)?
1
Let n(x) = x**2 + 7*x - 18. Calculate n(-9).
0
Let h(m) = -m**3 - 2*m**2 + 5*m + 6. Calculate h(-3).
0
Let z(j) = -j**3 + 7*j**2 + 6*j + 19. What is z(8)?
3
Let k(h) = h**3 - h**2 - 7*h + 1. What is k(2)?
-9
Let f(t) = t**3 + 25*t**2 - 4*t - 91. What is f(-25)?
9
Let v(b) = 2*b**2 - 3*b + 74. Give v(0).
74
Let b(s) = -s**3 + 28*s - 6. What is b(5)?
9
Let b(o) = o**3 + 3*o**2 - 16*o + 11. Give b(-6).
-1
Let h(u) = 2*u**2 - 8*u - 25. Give h(6).
-1
Let s(y) = y**3 - 11*y**2 - 11*y - 9. What is s(12)?
3
Let l(r) = r**2 + 9*r + 9. Give l(-6).
-9
Let g(y) = -2*y**2 + 2*y - 1. Give g(-4).
-41
Let u(y) = y**3 + y**2 - 10*y + 5. Determine u(-4).
-3
Let l(s) = s**3 - 67*s**2 + 63*s + 202. Calculate l(66).
4
Let j(y) = 2*y + 7. Calculate j(-8).
-9
Let r(z) = z**2 - 10*z - 1. Determine r(9).
-10
Let p(r) = -r**2 - 23*r - 50. Calculate p(-23).
-50
Let o(q) = 2*q**2 + 3*q - 16. What is o(6)?
74
Let c(s) = -26*s + 2. Determine c(-6).
158
Let n(x) = 3*x - 2. What is n(1)?
1
Let s(k) = -7*k**3 - k**2 - 3*k - 1. Determine s(-1).
8
Let f(i) = -4*i**2 + 75*i - 56. Determine f(18).
-2
Let h(a)